t(l) = -6*l - 1. Let s(x) = -7*x**2 + 1. Let d be s(-1). Let q = 5 + d. Give t(q).
5
Let t(o) = o + 2. Let m = 7 + -9. Determine t(m).
0
Let a = 3/130 - -1/13. Let j(l) be the second derivative of -a*l**5 + 1/6*l**3 - 1/2*l**2 + l - 1/12*l**4 + 0. Give j(-2).
9
Let s(d) = -d + 2. Let o be (2/(-6))/((-6)/72). Let j be s(o). Let x(i) = 2*i - 1. Determine x(j).
-5
Let y(f) be the first derivative of -f**5/120 + f**4/12 - f**3 + 1. Let b(x) be the third derivative of y(x). What is b(6)?
-4
Let u(w) = -w**2 - w**3 + 1 - 4*w**3 + 6*w**3. Let q(p) = -7*p**3 + 5*p**2 - p - 11. Let h(r) = -q(r) - 6*u(r). Let n = 11 - 11. What is h(n)?
5
Let o be 2 + -10 + (2 - 0). Let x be -7*(4/(-2) + 1). Let f(m) = 8*m**2 - 2*m - 1. Let c(w) = 7*w**2 - w - 2. Let q(s) = x*c(s) - 6*f(s). Give q(o).
-2
Let p(v) = 3*v + 14. Let l be p(-6). Let z(y) = y**2 + 2*y - 4. Let d(g) = g**2 + 2*g - 4. Let c(q) = -6*d(q) + 5*z(q). What is c(l)?
-4
Let p(g) = 2*g**2 + g - 2. Let u be 1 + 2 + 1 + -2. Calculate p(u).
8
Let m(z) be the second derivative of -z**5/10 + z**4/4 + z**3/2 + 3*z**2/2 + 16*z. Determine m(3).
-15
Suppose 6 = -34*r + 35*r. Let w(j) = j**2 - 6*j + 4. What is w(r)?
4
Let j(b) = 4*b**2 - 2*b + 1. Let f = -9 - -14. Let i = 6 - f. Give j(i).
3
Let i be (-30)/12*(-1 - 1). Suppose -i*v + 10*v = 15. Let u(g) = -v*g**2 - 2*g**2 - 7*g**2 + 0*g**2. Determine u(1).
-12
Let z(i) = -2*i + 7. Let y = 1 + 5. Let d be z(y). Let v(o) = o**2 + 4*o - 2. Give v(d).
3
Let f = 38 - 30. Let v(i) = i**2 - 8*i - 1. Determine v(f).
-1
Let k(d) be the first derivative of d**4/4 + 4*d**3/3 - 3*d**2/2 + 2*d + 1. Calculate k(-4).
14
Let w(b) = b**2 + 5*b + 6. Suppose 5*u = -39 + 14. Let r be w(u). Let x be (10/r)/((-2)/(-6)). Let a(z) = -z**3 + 5*z**2 + 2. Calculate a(x).
2
Let l be (-1)/(-3) - (-104)/(-24). Suppose -4*s + 8 = -0*s. Let t(z) = z**2 - 3*z + 0 - 2*z**s - 3. What is t(l)?
-7
Let s(n) = n**2 - 14*n + 3. Let c be s(14). Let f(h) = h + 4. Calculate f(c).
7
Let d(m) = -m**3 - 11*m**2 + 13*m + 8. Let h be d(-12). Let w(u) = u**3 + 6*u**2 + 5*u - 4. Give w(h).
8
Let x(l) = 2*l**2. Suppose 5*a + 25 = -5*z, 10 = 2*z + a - 3*a. Let n be 4/((0 - 2) + z). Give x(n).
8
Suppose 0*d - 2 = -d - 5*m, -3*d = -m - 22. Let x(b) = -b**2 + 7*b + 4. Let p be x(d). Let k(z) = -3*z + 5. Determine k(p).
-7
Let y(q) = -3*q + 6. Let l(r) = 7*r - 12. Let m(t) = 2*l(t) + 5*y(t). Give m(8).
-2
Let j(q) = -2*q + 7*q - 3*q**2 + 2*q**2. Suppose 1 = 2*l - 3. Let n = 6 - l. What is j(n)?
4
Let a(d) = -d**3 - 2*d**2 - 1. Let k(l) = l + 2. Let o be k(-5). Give a(o).
8
Let k(d) = -12*d + 0*d + 3*d + 4*d + 3. Calculate k(3).
-12
Let t(g) = -g**3 + g**2 + 2*g. Suppose 2*v - 2 = 2. Suppose -3*u - 10 = v*u. Give t(u).
8
Let j = 4 + -1. Suppose -5 = -j*q - 2*q. Let l(u) = -u**2 + 1. Let x(m) = -5*m**2 - 2*m + 6. Let r(n) = -6*l(n) + x(n). Calculate r(q).
-1
Let j(v) be the second derivative of -v**4/12 - 4*v**3/3 + 5*v**2/2 - 2*v - 7. Determine j(-8).
5
Let z(i) = -i**3 + 3*i**2 + i. Let s be z(3). Suppose 5*w - 4*w = q + 2, -s*q + 5*w = 2. Let t(j) = j**3 + 5*j**2 + 3*j - 3. Calculate t(q).
1
Let u(j) = -3*j + 6. Let k be u(4). Let m(q) be the first derivative of -q**4/4 - 5*q**3/3 + 7*q**2/2 + 3*q - 3. What is m(k)?
-3
Let j(t) = 4*t**3 - 5*t + t + 3*t**2 - 5*t**3 - 1. Suppose 2*v + 9 = -1, -q + v = -8. Calculate j(q).
-13
Let v(f) = -12*f. Let t(b) = -b**2 - b. Let a(j) = 12*t(j) - v(j). Give a(1).
-12
Let a(c) = c**2 + 4*c + 3. Suppose 0 = 2*r - 0*r. Let m be -1 - -1 - (r + 2). Determine a(m).
-1
Suppose -q = -2*q - 4*r + 21, -4*q - 4*r + 36 = 0. Let t(z) = -2*z**2 + 7*z + 1. Give t(q).
-14
Let m(s) = -s. Let b(y) = 6*y - 2. Let n(x) = b(x) + 5*m(x). Calculate n(4).
2
Let r = 1 + 4. Let j(o) be the third derivative of o**6/120 - o**5/12 - o**4/24 + 2*o**3/3 - 6*o**2 - 10*o. Calculate j(r).
-1
Let g(t) = 2*t**3 + 2*t + 3. Let q(o) = -o**3 - o - 2. Let i(x) = 2*g(x) + 5*q(x). Let m(a) = 2*a + 4. Let u be m(-2). Calculate i(u).
-4
Let c(s) be the third derivative of s**4/24 - s**3/2 + 38*s**2. Determine c(4).
1
Suppose 5*m - 3*o + 31 = -0*m, 0 = 4*o - 8. Let s = 3 + m. Let w = s - -2. Let i(v) = -v**3 - 11. Determine i(w).
-11
Let c(q) = -q + 6. Let p(w) = -w**3 - 3*w**2 - w + 2. Let i be p(-3). Determine c(i).
1
Let q(j) = -j**3 + 5*j - 6 - 4 + 2 - 5*j**2 + 5. Give q(-6).
3
Let u(h) be the second derivative of -h**3/6 + 11*h**2/2 + 37*h. Determine u(0).
11
Let a(g) = -4*g**2 + 3*g - 3. Suppose 9 = -3*i + 15. Calculate a(i).
-13
Let u(h) be the second derivative of -6*h - 1/6*h**3 - h**2 + 0. Give u(4).
-6
Let f(j) be the third derivative of 17*j**4/24 - j**3/6 - 19*j**2. What is f(1)?
16
Suppose -2*h = 5*z + 10, 5*z - h - 5 = -0*z. Suppose z = -4*s - 1 - 3. Let y(x) = 12*x**2 - x. What is y(s)?
13
Let z(o) = 7*o - 15. Suppose -2*t + 2*l - 2 = 2*t, -2*t + 4*l - 16 = 0. Let k(p) = -t + 0*p + 2 - 2*p + 4. Let v(d) = -22*k(d) - 6*z(d). Determine v(-2).
-2
Let v(i) = i**3 + 7*i**2 - 8*i + 6. Suppose 0 = -9*w - 112 + 40. What is v(w)?
6
Suppose 3*s + 12 = 0, 0 = -5*j + 3*s - 8*s - 50. Let d(g) = -g**2 - 5*g - 6. Determine d(j).
-12
Let d(p) = -2*p**2 - 3*p - 2. Suppose u - 43 = 5*y, -5*y - 2*u = -1 + 50. Let b = y - -7. What is d(b)?
-4
Let c(m) be the second derivative of 0 - 2*m + 1/20*m**5 + 1/6*m**3 - 1/12*m**4 + 2*m**2. Suppose 0 = -2*w + w. Give c(w).
4
Suppose -3*s + 0*s + 4*q = 0, -9 = 3*q. Let j(t) = t**3 + 5*t**2 - 2*t - 6. Determine j(s).
18
Let x(n) = n**2 - 2*n - 2. Let y be x(5). Let m(c) = -c + 11. Let u be m(y). Let h(i) = 2*i**2 + 4*i + 3. Give h(u).
3
Let p(q) be the second derivative of 1/12*q**4 - 3/2*q**2 - 5*q + 0 - 5/6*q**3. Let g be 4/10*(16 + -1). Calculate p(g).
3
Let f = 1 - -2. Let n(a) = 4*a**3 - 6*a**2 - 2*a + 1. Let q(d) = d**3 - d. Let u(m) = f*q(m) - n(m). What is u(6)?
-7
Let n = -4 + 7. Suppose -3*d + 0 = -5*a - n, 3*a + 29 = -5*d. Let g(i) = -i - 1. Let j be g(a). Let r(u) = u**2 - 3*u. Determine r(j).
-2
Let x(q) = -q**3 - q**2 - q - 1. Let m(n) = -n**3 + n**2 - 4*n - 1. Let o(t) = -m(t) + 2*x(t). Calculate o(-3).
-7
Let y be (-185)/45 - 1 - 1/(-9). Suppose 0 = 5*t - 3*t - 6. Let d(z) = -z**t - 4 + 1 + 2*z**3 + 4*z**2 - 6*z. What is d(y)?
2
Let a be -2 + (1 - 1)/(-2). Let q(s) = -s + s**2 - s - 2*s**2 - 3*s - 2. Let b be q(a). Let x(y) = -2*y**2 + 4*y + 5. What is x(b)?
-11
Let c = -63 - -58. Let d(g) = g + 6. What is d(c)?
1
Let x(t) be the second derivative of -t**5/20 - t**4/12 + t**3/6 - 3*t**2/2 + 28*t. What is x(0)?
-3
Suppose 4*n = 6*n - 8. Let y(f) = f - 1. Determine y(n).
3
Let b be -2 - (2 - (-2 + -1)). Let c(z) = z**2 - 7*z + 14*z**2 + 3 - 16*z**2. Give c(b).
3
Let q(m) = -m**2 + 6*m + 6. Let b(i) = -4*i**2 + 18*i + 18. Let u(t) = 2*b(t) - 7*q(t). Determine u(-6).
-6
Let b(k) = 5*k**2 + 2*k + 7. Let a(t) = -11*t**2 - 4*t - 14. Let s(z) = -6*a(z) - 13*b(z). Calculate s(5).
8
Let i be (-1 - (-12)/8)*14. Let k(g) = g**3 - 8*g**2 + 7*g. Determine k(i).
0
Let t(w) = -2*w - 6. Suppose 5*o + 2*m + 0 + 45 = 0, -3*o = -3*m + 6. Give t(o).
8
Let a(c) = 3*c - 3. Let n be a(2). Let y(i) be the first derivative of -2/3*i**3 - 3/2*i**2 + 3*i - 3 + 1/4*i**4. What is y(n)?
3
Let j(g) = g**2 - g + 2. Suppose -2*b - 2*b - 4 = 0. Let h be (3/3)/(0 - b). Let i = 1 - h. Give j(i).
2
Let q(f) = -3*f**2 - 3*f - 5. Suppose 3*p + 0 = -3. Let k(z) = -z**2 - z. Let j(u) = p*q(u) + 2*k(u). Give j(0).
5
Let c(z) be the first derivative of -z**4/4 + 8*z**3/3 + z**2/2 - 9*z + 4. Determine c(8).
-1
Let r(o) be the second derivative of o**4/12 + o**3 - 2*o**2 - 3*o. Determine r(-6).
-4
Suppose 4*f = -22 - 2. Let l(n) = -2*n - 5. Let s be l(f). Let y = s - 4. Let k(u) = -u**3 + 2*u**2 + 5*u - 3. Calculate k(y).
3
Let x(z) = 14*z**3 - 7*z**2 + z + 17. Let b(o) = -5*o**3 + 2*o**2 - 6. Let n(j) = -8*b(j) - 3*x(j). Determine n(3).
-21
Let p(z) = 4*z**2 + 1. Let q(s) = -s**2 + s - 1. Let t(u) = 2*u**2 - 12*u + 14. Let c(b) = q(b) + t(b). Let k be c(9). Let m = -4 - k. What is p(m)?
5
Suppose 0 = -3*u - 0*u + 81. Suppose a + u = -2*a. Let q be 12/10*(-30)/a. Let c(o) = -o**3 + 5*o**2 - 4*o + 4. Determine c(q).
4
Suppose y + 5*k = 29, -3*k + 35 = y + 4*y. Let t = y + 2. Let f(g) = 5*g + 8. Let o(q) = 4*q + 7. Let j(i) = t*f(i) - 7*o(i). Calculate j(4).
7
Let o be ((-6)/7)/((-12)/(-84)). Let z(c) = 3*c + 5. Calc